e remainder when 56 is divided by f?
8
Let f(v) be the first derivative of 8*v**3 - v**2 + v + 5. Suppose 4*r - 12 - 8 = 0. What is the remainder when f(1) is divided by r?
3
Suppose -2*v + 8445 = -2*k + 1675, 16861 = 5*v + 11*k. What is the remainder when 6775 is divided by v?
13
Suppose 18828 = 234*d - 198*d. Calculate the remainder when 1613 is divided by d.
44
Suppose -2*f + 0*f = -84. What is the remainder when f is divided by (-40)/(-30) + (-884)/(-156)?
0
Let y = -1030 + 1064. Suppose 33*q - y*q = -23. Suppose -5*a + 66 + 24 = 0. Calculate the remainder when q is divided by a.
5
Let v be 81/(-12) - 1/4. Let d = 88 - 75. What is the remainder when 16 is divided by v + 9/3 + d?
7
Let a = 7293 + -3945. Calculate the remainder when a is divided by 8.
4
Let i = 296 + -249. Suppose -i + 31 = -2*j. Let m = -46 - -64. Calculate the remainder when m is divided by j.
2
Let a(k) = k**3 - 9*k**2 - 3*k + 1. Let p be a(4). Let n be (3/3)/((-4)/(-452)). Let y = p + n. Calculate the remainder when 41 is divided by y.
19
Let j(v) = -7*v**2 + 4*v**2 - 5*v - 3*v + 17 + 4*v**2. Let g be j(-7). Let q = g + -94. What is the remainder when 110 is divided by q?
26
Let l = 7979 + -7468. Calculate the remainder when 1031 is divided by l.
9
Let d = -597 + 627. Suppose d + 106 = 8*z. Calculate the remainder when z is divided by 3.
2
What is the remainder when (6*(-1096)/32)/(7/(-14)) is divided by 26?
21
Let o(d) = -297*d**3 + 2*d**2 - 5*d + 3. Let z be o(1). Calculate the remainder when 158 is divided by z/(-72)*(8 + 0).
26
Suppose 7*s - 505 + 659 = 0. What is the remainder when 1998*14/308 - 4/s is divided by (38/4)/((-2)/(-4))?
15
Let p(h) = -6*h**3 - 26*h**2 + 36*h + 36. What is the remainder when p(-7) is divided by 190?
188
Let d(i) = 9*i - 37. Let y be d(13). Suppose 2*o + 376 = 9*s - 4*s, -2*o - y = -s. What is the remainder when s is divided by 16?
10
Suppose 3*x - 5*w = 5*x + 31, 5*x + 3*w = -68. Let g = x + 21. What is the remainder when g is divided by (15/(-24))/(22/(-88)) + (-5)/(-2)?
3
Let f(r) = r**3 - 17*r**2 + 33*r - 35. Let o be (-1837)/(-121) - (-2)/(-11). What is the remainder when 204 is divided by f(o)?
4
Suppose -451*y - 167 = -453*y - a, -21 = -3*a. What is the remainder when 1100 is divided by y?
60
Suppose 0 = -687*q + 691*q + 4*g - 2296, 5*g + 2314 = 4*q. Calculate the remainder when q is divided by 278.
20
Let w(n) = 26*n**2 - 2*n - 2. Let m be 27/(648/5840)*36/(-10). Calculate the remainder when w(2) is divided by 12/(-174) - m/87.
8
Calculate the remainder when (-27738)/(-5) + 120/300 is divided by 15.
13
Suppose -3*o + 11*o = 40. Suppose 12 = -a + o. Calculate the remainder when 20 is divided by 1/((-4 - -5) + 6/a).
6
Suppose -58*c + 622 = -11500. What is the remainder when 749 is divided by c?
122
Suppose -b = -0*b + 15. What is the remainder when 29 is divided by -5*(1 - -3)*b/20?
14
Let j(r) = -r + 4 - 3 + 5. Suppose -2*c = -3*c + 3*x + 43, 5*c + 4*x - 234 = 0. Calculate the remainder when c is divided by j(0).
4
Suppose 2*q - 5 - 33 = 0. Let k(p) = -8*p**2 - 121*p - 308. Calculate the remainder when k(-6) is divided by q.
16
Let t(n) = -4*n**2 + 122*n - 291. Calculate the remainder when t(27) is divided by 41.
5
Let c(i) = -2*i**2 + 15*i - 8. Let v be 3 + 0 + 2 + 3. Let s be c(v). Let j = 29 + s. Calculate the remainder when 23 is divided by j.
10
Suppose -1620 + 179 - 563 = -334*z. Let r = -2 + 11. What is the remainder when r is divided by z?
3
Suppose 4*u = 4*s - 160, 92*s - 4*u + 248 = 96*s. Suppose -75 - 66 = -3*b. What is the remainder when s is divided by b?
4
Suppose b = -55*b + 818 + 246. Calculate the remainder when 322 is divided by b.
18
Let d(f) = -45*f - 46. Let m be d(-7). Let j = -252 + m. Calculate the remainder when 147 is divided by j.
11
Suppose 320 = -0*r + 5*r. Suppose h + 1255 + 12 = 7*x, -3*h - 543 = -3*x. Calculate the remainder when x is divided by r.
53
Suppose 0 = -69*s + 110*s - 492. Calculate the remainder when (-190)/(-171) - 2/18 - -116 is divided by s.
9
Suppose 4*z = 3*z + 10. Let a(r) = -3*r - 9. Suppose 0 = 11*l - 14*l - 57. What is the remainder when a(l) is divided by z?
8
Suppose -3*a = -2*h + 157, 3*h - 244 = -3*a - 46. Calculate the remainder when 659 is divided by h.
20
Suppose 12*b = 10*b - 6*b + 1104. Calculate the remainder when 285 is divided by b.
9
Let g(c) = -c**3 + 35*c - 217. Calculate the remainder when 1031 is divided by g(-8).
11
Suppose -28*r + 322 + 294 = 0. Suppose -5*j + 969 = -126. What is the remainder when j is divided by r?
21
Let t(z) = -1135*z + 4876. What is the remainder when t(4) is divided by 128?
80
Suppose 0 = 98*l - 15089 - 6863. Calculate the remainder when 225 is divided by l.
1
Suppose 2149 = 18*h - 2927. Let f = h + -201. Calculate the remainder when f is divided by 43.
38
Let q be ((-42)/4 + 1)*-34. Let f = -204 + q. Suppose -x + 2*u + 21 = 0, -23*x + 25*x - 37 = 3*u. Calculate the remainder when f is divided by x.
9
Let l(v) = -65*v + 88. Let p be l(-6). Let g = -422 + p. What is the remainder when 118 is divided by g?
6
Suppose 0 = 3*h - 3*u - 48, 3*u + 18 = h + 4. Let t(d) = -d**3 - d**2 - 4*d + 64. Calculate the remainder when t(0) is divided by h.
13
Suppose 9915 - 37867 = -44*i + 53272. Calculate the remainder when i is divided by 310.
296
Suppose -990*f + 2365269 = -309*f + 218*f. What is the remainder when f is divided by 30?
21
Suppose -2*c + 592 = z, -5*c + 6*c - 282 = -4*z. Let r = c - 254. Calculate the remainder when 168 is divided by r.
36
Let l(p) = p**2 + 15*p + 87. Suppose -5*b = -18*b - 78. Calculate the remainder when 91 is divided by l(b).
25
Suppose -3*d - 4*o = -2102 + 30, -2 = 2*o. What is the remainder when ((-90)/(-60))/(6/d) is divided by (7/(-3))/((-2)/30)?
33
Suppose -3*m + 24 = 3*m. Suppose 0 = c + m*c + 10, 5*c = -5*r + 75. What is the remainder when 25 is divided by r?
8
Let d be ((-6)/(-4))/3 + (-465)/62. Let n(a) = -52*a - 267. What is the remainder when n(d) is divided by 14?
13
Let u(h) = 510*h + 1539. Calculate the remainder when 122 is divided by u(-3).
5
Let o(y) = -33 + 34 - y**3 + 10*y**2 - 16*y + 13. What is the remainder when o(6) is divided by 8?
6
Suppose 1368 = 135*v - 126*v. What is the remainder when 164 is divided by v?
12
Let r be -1 - 8/(-2 - -4). Calculate the remainder when (-700)/(-5) - 2/1 is divided by r*((-222)/45 + (-2)/3).
26
Suppose -3*j - 2*u - 31 + 37 = 0, 2*u = 0. Suppose 0 = -j*o + 5*o + 3*i - 120, -2*i = 0. Calculate the remainder when o is divided by 29.
11
Let f = -10906 - -11092. Let x = -17 + 65. Calculate the remainder when f is divided by x.
42
Let q = 2279 - 2142. Calculate the remainder when 397 is divided by q.
123
Let l = 293 - 273. What is the remainder when 896 is divided by l?
16
Let q = -7988 + 8045. What is the remainder when 3188 is divided by q?
53
Let j(n) = -175*n + 9242. Calculate the remainder when 1049 is divided by j(51).
98
Let h = -116 + 202. Suppose -32*w - 7*w + 315 + 777 = 0. Calculate the remainder when h is divided by w.
2
Calculate the remainder when 1093 is divided by 104/(-16) + 7 + 3/((-12)/(-98)).
18
Suppose -30*k = -25*k - 415. Suppose 5*t - u + 401 = 0, -4*u = -4*t + k - 407. Let m = -53 - t. What is the remainder when m is divided by 7?
6
Let w = -6 - -12. Let r(v) = v**3 + 3*v**2 - 3*v + 4. Let g be r(-3). Calculate the remainder when g + 0 - (15 - 22) is divided by w.
2
Let u = 41305 + -38897. Calculate the remainder when 2409 is divided by u.
1
Let c = -267 + 261. What is the remainder when ((-1176)/16)/(c/4) is divided by 26?
23
Suppose -240 - 780 = -2*n. Let a = -138 - -234. What is the remainder when a is divided by (-20)/3*(n/(-40) + 9)?
21
Let k = 6 + -4. Suppose -11 = -k*d + 5*n + 2, 22 = 2*d - 2*n. Calculate the remainder when 4/(-8)*-52 - -1 is divided by d.
13
Suppose 10200*p + 20428 = 5*w + 10198*p, 5*p = -5*w + 20435. What is the remainder when w is divided by 4075?
11
Let z(s) = -19*s**3 - s**2 - 2*s + 3. Let r(n) = -58*n**3 - 3*n**2 - 7*n + 10. Let o(u) = 2*r(u) - 7*z(u). Calculate the remainder when 33 is divided by o(1).
16
Suppose -16*w - 57 - 39 = 0. Calculate the remainder when 93 is divided by w + 8/(56/287).
23
Let s = -3224 + 3355. What is the remainder when s is divided by 130?
1
Let a(g) = g**3 - 7*g**2 + 9*g - 6. Let m be 